
False
Let n be (-6678)/(-15) - (-3)/(-15). Let b = n - 222. Is b composite?
False
Let k be (1/2)/(-1)*0. Suppose k = y - 2*y + 329. Is y a composite number?
True
Let l = 1934 - 1353. Is l prime?
False
Let c(r) = 33*r - 16. Let w(a) = -34*a + 15. Let x(b) = 3*c(b) + 4*w(b). Is x(-11) composite?
False
Let p(c) = -12*c + 7. Let v(h) = -h - h - 9*h + 7. Let s(j) = -6*p(j) + 7*v(j). Is s(-6) prime?
True
Let u = 37 + 18. Let d = 258 - u. Is d a composite number?
True
Let q(i) = -5*i**3 - 4*i**2 - 8*i**2 + 11*i + 7*i**3 - 5. Is q(8) prime?
False
Let p be 1/(2/(6 + 0)). Suppose -5*j + p*h = -304, 2*j + h = j + 56. Let o = j + -36. Is o a composite number?
False
Suppose -4*x + d = -3*d - 68, 58 = 4*x - 2*d. Suppose x = 2*z + 2*z. Let q(k) = 10*k + 4. Is q(z) a composite number?
True
Let f = -13 + 17. Let b(y) = -y - 4. Let t be b(-7). Is 110/f*(-1 + t) a composite number?
True
Suppose x - 98 = -5*r, -5*r + 40 - 178 = -x. Is x a composite number?
True
Let d = -723 - -315. Is (-2)/(2 + d/201) a composite number?
False
Let c(x) = 45*x**3 - 2*x - 3. Is c(2) prime?
True
Is (470/(-5))/(2/(-7)) prime?
False
Let w(l) = l**2 + 2*l - 2. Let n(q) = 2*q + 5. Let f be n(-5). Is w(f) prime?
True
Suppose 0 = 28*r - 23*r - 2830. Suppose -b + 171 = -3*c, 5*b = 3*c + 241 + r. Is b a prime number?
False
Let s(o) = o - 1. Let v be s(-5). Let x = -11 - v. Is (-1)/x + 1268/10 a composite number?
False
Let m = -121 + 170. Suppose -u = -4, 2*q + 11 = -2*u + m. Is q composite?
True
Let m(w) = 20*w**2 + 3*w - 7. Let f(j) = -10*j**2 - j + 3. Let s(u) = -5*f(u) - 2*m(u). Let z be s(-1). Is 3172/20 + 4/z a prime number?
False
Suppose 5*q - 5*f = 45, 4*f + f + 17 = -2*q. Suppose 5*g - 177 = -q*t, -3*g - 171 = -4*t - 2*g. Let d = t - -6. Is d composite?
True
Let p be (-2)/3*(-1182)/(-4). Let b(r) = 53*r. Let m be b(-2). Let l = m - p. Is l composite?
True
Suppose -2*x = -0*x - 16. Let m = 150 + 400. Is m/x + (-1)/(-4) prime?
False
Suppose 154 + 152 = 3*x. Suppose n + 4*v = x + 22, 0 = -5*v - 10. Suppose 5*q = h + q - 38, 3*q = 3*h - n. Is h a composite number?
True
Let l = 63 + 172. Is l a prime number?
False
Suppose 0*p - 5*p + 2259 = -2*m, 3*p = -4*m + 1345. Is p composite?
True
Let g(d) = d**3 + 8*d**2 + 5*d - 3. Is g(-5) a composite number?
False
Suppose -16 = -f - 2*m, 4*m - 60 = -4*f - 0*m. Is f a prime number?
False
Let g = -39 - -23. Let l be (-4 + 2 - g)/(-1). Is (8/14)/((-4)/l) a composite number?
False
Suppose 5*a + 3*f - 39 = 0, a - 2*f = -0*f. Suppose 514 = v + 5*m, v + 3*m + 2486 = a*v. Is v prime?
True
Let g be (-7)/(-28) - (-334)/8. Is g/(-4)*(0 + -2) a prime number?
False
Suppose -4*g = -2*g - 6. Suppose 6 = 2*y, -g*m - 2*y + 0*y + 24 = 0. Is (-46)/3*m/(-4) composite?
False
Let b(z) = 4*z**2 - 11. Let o(f) = -f**2 - 11*f - 7. Let x be o(-11). Is b(x) composite?
True
Let j be -15*(-2 - (-42)/15). Is (j/(-18))/((-4)/(-1842)) a prime number?
True
Is 37 - (0/(-1))/(-2) composite?
False
Let r be (-12)/(-8) + (-9)/6. Suppose -2*i = -r*i - 194. Is i a composite number?
False
Suppose -3*n + 17 = k - 0*k, -4*k + n + 16 = 0. Suppose 4*z - 262 = -3*q + 664, 5*q = -k*z + 1550. Is q prime?
False
Suppose -2*o + 5*d = 9, -5*o - 4 = 4*d + 2. Let k be 32/(-3) - o/(-6). Let x = 10 - k. Is x a composite number?
True
Suppose -1639 = 2*r + 5*d - 4417, 2*d = -2*r + 2790. Is r prime?
True
Let g = 7 + -3. Suppose 4*f = g, -3*f - 107 = -3*b + 1. Is b prime?
True
Suppose 0 = 3*h + h - 2016. Suppose -57 + h = 3*x. Is x prime?
True
Let c(b) = -b**3 + 8*b**2 - 6*b - 2. Let n be (-1)/3 + (-543)/(-9). Let a be (2/(-5))/((-4)/n). Is c(a) prime?
False
Let u be (-39)/(-12) - (-9)/12. Suppose -4*f + 1756 = -h, 335 + 561 = 2*f + u*h. Let g = f - 283. Is g a prime number?
True
Suppose i - 10 = -69. Let l = -22 - i. Is l composite?
False
Let o = -8 - -15. Let f(g) = 31*g - 6. Is f(o) composite?
False
Suppose 2*c - 3 - 1 = 0. Suppose -x = -0*x + c*r - 23, 0 = -5*x + r + 104. Is x a composite number?
True
Suppose -393 = 5*f - 4*a - 29, 0 = -3*f + 5*a - 208. Let c = 35 - f. Is c a prime number?
False
Let u = -3 - -6. Suppose 0*o = -3*o + u. Is (-92)/(-6) + o/(-3) prime?
False
Let i be 46/(-8)*1*-20. Let u = i - -292. Is u a composite number?
True
Let f be (0 + 3)/(-3 + 4). Suppose -2*x + 292 + 198 = 0. Suppose -x = -f*t - 2*t. Is t a composite number?
True
Let n = 104 - -451. Suppose 0*o - n = -c + 4*o, -5*c + 5*o + 2760 = 0. Is c prime?
False
Let r(j) = 3*j**3 - 17*j**2 + 15*j - 42. Is r(15) composite?
True
Suppose u - 3*c - 68 = -173, 5*u + 582 = -4*c. Let f be u/12 + 2/(-4). Is (-66)/f + (-6)/(-15) composite?
False
Let j(r) = r**2 - 4*r + 2. Let c be j(4). Suppose -2*y = -3*y + c. Suppose -y*x + 51 = -11. Is x a prime number?
True
Suppose 0 = 5*i - z - z - 980, 2*z - 604 = -3*i. Suppose b - i = -b. Let f = b + -68. Is f a prime number?
True
Suppose 0*j - 2345 = -5*d + 4*j, -3*d = 4*j - 1407. Is d composite?
True
Let d(u) = -u + 34. Let x be 0/(4/(4/2)). Is d(x) composite?
True
Let n be (8/(-6))/(2/(-3)). Suppose -4*f + 436 = -4*y, 2*f - 3*f = -n*y - 105. Is f a prime number?
True
Let i = 1 - 1. Suppose -3*q = -i*q - 879. Is q a prime number?
True
Let o = -105 - -226. Is o a prime number?
False
Suppose -4*g = p - 4*p - 43, -2*p = -4*g + 42. Is (5/g)/((-3)/(-654)) a prime number?
True
Let k(f) = f**3 - 3*f**2 + 13. Is k(7) a composite number?
True
Let n = 7 + 8. Suppose -u = -n + 1. Is u a composite number?
True
Let i(l) = -l**3 + 2*l**2 + 2*l - 1. Let o be i(2). Suppose -2*v = 6, 4*v = -o*w + 515 + 466. Is w a prime number?
True
Let d be 10/4 + (-2)/(-4). Let f(s) = -3*s. Let z be f(-4). Suppose 0 = -d*m - z + 69. Is m composite?
False
Let o be 4/(-10) - 24/(-10). Is 176/o - 3/(-1) a prime number?
False
Let l(m) = 167*m - 9. Let z(y) = 83*y - 4. Let x(j) = 4*l(j) - 9*z(j). Is x(-1) composite?
False
Let m be (-1)/(-5) - (-48)/10. Let f(d) = d**2 - 2*d + 3 - 5 - m*d. Is f(8) a composite number?
True
Let q = -114 - -310. Let x = q + -63. Is x composite?
True
Suppose 3*r - z = -6*z - 28, -4*z - 18 = -2*r. Let c be 2/(-4)*74*r. Suppose -3*b + c + 104 = 0. Is b a composite number?
False
Suppose -v = -0*v - 9. Let n(y) be the first derivative of -y**3/3 + 5*y**2 + 4*y - 2. Is n(v) prime?
True
Let f = 3 - 36. Let d = f - -59. Is d a prime number?
False
Suppose 66 = 3*y + 5*h, 2*h = 3*y - 28 - 17. Let o = 36 - y. Is o prime?
True
Let b = 984 + -595. Is b a composite number?
False
Let t(g) = 3*g - 3. Let d be t(7). Suppose 5*a - 388 + d = 0. Is a prime?
False
Let k = 56 - 26. Suppose 4*j + k = 6*j. Is j prime?
False
Let z(j) = -5*j - 25. Let a be z(-10). Let p = a + 54. Is p a composite number?
False
Suppose a = 8 - 7. Let c(b) = 28*b**2 - 7. Let q(y) = -27*y**2 + 6. Let g(t) = -5*c(t) - 6*q(t). Is g(a) composite?
True
Suppose 0 = -2*k + 14 - 166. Is ((-1)/2)/(2/k) prime?
True
Let s = 4099 - 2186. Is s a composite number?
False
Let q = 3 - 2. Is ((-3)/6)/(q/(-62)) prime?
True
Let l(r) = 78*r - 5. Let a(k) = -1. Let g(p) = 4*a(p) - l(p). Is g(-2) prime?
True
Let o = 27 - -6. Is o prime?
False
Let c be ((-1)/3)/((-1)/9). Let v be 0/((0 - c) + 1). Suppose -4*g - 96 = -5*d + 63, -d - 4*g + 51 = v. Is d a composite number?
True
Let d(c) = -c**2 - 6*c - 2. Let h be d(-6). Is (-2379)/(-21) - h/(-7) a prime number?
True
Let y(g) be the second derivative of g**5/20 + g**4/4 - 2*g**3/3 + 3*g**2/2 - g. Let p be y(-4). Suppose -110 = -p*c - 2*c. Is c a prime number?
False
Is 235/15*(-3 + 70)*3 a composite number?
True
Let t = 24 - 151. Let o = -40 - t. Is o composite?
True
Suppose 1475 = p - k, 7*p - 3*k = 2*p + 7367. Is p prime?
True
Suppose 0*o - 237 = -3*o. Is o a composite number?
False
Let y = -4 - -6. Let w(o) = 7*o**3 - o**2 + o + 1. Is w(y) prime?
False
Suppose -7485 = -3*i + 4*f, 3*f - 828 = i - 3323. Is i a composite number?
True
Let g be (3 + 5)*3/6. Suppose -2*x = -g*x + 134. Is x prime?
True
Let b(q) = q**3 - 2*q**2 - 2*q - 5. Suppose 0 = 4*p - 12 - 4. Is b(p) a composite number?
False
Let j = -4 - -4. Suppose -h = -3*p + 33, -2*p - 4*h = -j*h - 22. Is p a composite number?
False
Suppose 31 = b - 4*t, -2*t + 145 - 43 = 2*b. Is b prime?
True
Let x(r) = r**2 - 5*r - 3. Is x(14) a composite number?
True
Let u = 179 - 27. Let m(w) = -4*w**2 + 8*w - 1. Let c be m(6). Let o = u + c. Is o composite?
True
Let g = -